en 393439918 is divided by 10?
8
What is the remainder when 16659999 is divided by 185111?
9
Calculate the remainder when 95293 is divided by 856.
277
Calculate the remainder when 116653 is divided by 12952.
85
Calculate the remainder when 657768 is divided by 215252.
12012
Calculate the remainder when 586067 is divided by 25479.
50
Calculate the remainder when 9087578 is divided by 326.
2
What is the remainder when 593722 is divided by 566?
554
What is the remainder when 59250201 is divided by 39?
36
What is the remainder when 111026 is divided by 1869?
755
What is the remainder when 75777 is divided by 290?
87
Calculate the remainder when 220533 is divided by 14.
5
What is the remainder when 130752 is divided by 920?
112
What is the remainder when 77998 is divided by 10838?
2132
What is the remainder when 13827 is divided by 702?
489
Calculate the remainder when 108205 is divided by 11.
9
What is the remainder when 285126 is divided by 25714?
2272
Calculate the remainder when 90667950 is divided by 737.
736
Calculate the remainder when 4896312 is divided by 110.
102
Calculate the remainder when 588227 is divided by 744.
467
Calculate the remainder when 456747 is divided by 33.
27
Calculate the remainder when 630978 is divided by 78872.
2
Calculate the remainder when 2359 is divided by 929.
501
Calculate the remainder when 3366079 is divided by 374008.
7
What is the remainder when 885442 is divided by 910?
12
What is the remainder when 420330 is divided by 12697?
1329
What is the remainder when 22099466 is divided by 89?
54
What is the remainder when 30739077 is divided by 24?
21
What is the remainder when 80556 is divided by 10061?
68
What is the remainder when 210697261 is divided by 1005?
16
Calculate the remainder when 423053 is divided by 433.
12
Calculate the remainder when 29371825 is divided by 9289.
7
Calculate the remainder when 10415521 is divided by 187.
182
Calculate the remainder when 310371 is divided by 2404.
255
Calculate the remainder when 7298685 is divided by 4445.
4440
What is the remainder when 84406 is divided by 90?
76
What is the remainder when 184334 is divided by 428?
294
Calculate the remainder when 9158777 is divided by 18.
17
What is the remainder when 20223785 is divided by 1508?
1505
Calculate the remainder when 319141 is divided by 41.
38
Calculate the remainder when 130249 is divided by 32557.
21
What is the remainder when 3520963 is divided by 1065?
73
What is the remainder when 9657586 is divided by 1931514?
16
What is the remainder when 5089 is divided by 850?
839
What is the remainder when 18537 is divided by 8127?
2283
What is the remainder when 57871333 is divided by 29?
6
Calculate the remainder when 178023 is divided by 261.
21
What is the remainder when 20344040 is divided by 1316?
1312
Calculate the remainder when 110872 is divided by 1952.
1560
Calculate the remainder when 337260545 is divided by 1334.
1333
Calculate the remainder when 406174 is divided by 4231.
4229
Calculate the remainder when 2050149 is divided by 895.
599
Calculate the remainder when 136641 is divided by 30355.
15221
What is the remainder when 8656025 is divided by 736?
665
What is the remainder when 74593445 is divided by 14918686?
15
What is the remainder when 4506792 is divided by 1502264?
0
What is the remainder when 92705 is divided by 1243?
723
Calculate the remainder when 207573 is divided by 2666.
2291
What is the remainder when 21229319 is divided by 280?
279
Calculate the remainder when 1457785 is divided by 10539.
3403
Calculate the remainder when 785154542 is divided by 22.
18
What is the remainder when 398021 is divided by 682?
415
What is the remainder when 183093476 is divided by 270?
266
What is the remainder when 1748235 is divided by 691?
5
Calculate the remainder when 552736 is divided by 4119.
790
What is the remainder when 880609 is divided by 440196?
217
Calculate the remainder when 373905 is divided by 62286.
189
What is the remainder when 126194 is divided by 11373?
1091
Calculate the remainder when 7471622 is divided by 72540.
2
What is the remainder when 161643844 is divided by 80821921?
2
Calculate the remainder when 900686 is divided by 39077.
1915
Calculate the remainder when 2088963 is divided by 522034.
827
What is the remainder when 40706 is divided by 4499?
215
What is the remainder when 1137185181 is divided by 82?
79
What is the remainder when 974396 is divided by 487197?
2
Calculate the remainder when 3829250 is divided by 43514.
18
What is the remainder when 13934205 is divided by 774117?
99
Calculate the remainder when 28331704 is divided by 28331696.
8
What is the remainder when 3095686 is divided by 622?
614
Calculate the remainder when 23578 is divided by 23295.
283
Calculate the remainder when 161205 is divided by 5652.
2949
What is the remainder when 801299 is divided by 1881?
1874
Calculate the remainder when 456987 is divided by 1668.
1623
Calculate the remainder when 25840 is divided by 1816.
416
Calculate the remainder when 2414052 is divided by 381.
36
What is the remainder when 4452814 is divided by 558?
532
What is the remainder when 30043726 is divided by 213076?
10
What is the remainder when 2920381 is divided by 94?
83
What is the remainder when 573480 is divided by 3919?
1306
What is the remainder when 63176728 is divided by 143?
43
What is the remainder when 111621 is divided by 289?
67
What is the remainder when 325185887 is divided by 71?
65
Calculate the remainder when 13196240 is divided by 2550.
2540
Calculate the remainder when 70669452 is divided by 57.
54
Calculate the remainder when 11311623 is divided by 2630.
2623
What is the remainder when 198384 is divided by 4129?
192
Calculate the remainder when 6394720 is divided by 523.
522
What is the remainder when 401247 is divided by 31?
14
Calculate the remainder when 941017 is divided by 32448.
25
What is the remainder when 5669830 is divided by 12?
10
What is the remainder when 10934318 is divided by 112?
94
Calculate the remainder when 334271 is divided by 1492.
63
What is the remainder when 193847253 is divided by 36?
33
What is the remainder when 48765614 is divided by 7?
2
What is the remainder when 7570809 is divided by 94?
49
What is the remainder when 70860 is divided by 6715?
3710
Calculate the remainder when 24036982 is divided by 135.
97
What is the remainder when 147120256 is divided by 877?
875
Calculate the remainder when 1345933 is divided by 171.
163
What is the remainder when 24279898 is divided by 2186?
2182
Calculate the remainder when 2667630 is divided by 111150.
30
Calculate the remainder when 23495419 is divided by 203.
199
Calculate the remainder when 22670681 is divided by 4534126.
51
Calculate the remainder when 6701828 is divided by 2484.
2480
What is the remainder when 40932 is divided by 263?
167
Calculate the remainder when 4583250 is divided by 830.
820
What is the remainder when 119238 is divided by 490?
168
Calculate the remainder when 87993672 is divided by 1007.
1005
What is the remainder when 48713560 is divided by 91?
77
What is the remainder when 1636472 is divided by 3141?
11
Calculate the remainder when 9322714 is divided by 5606.
5542
What is the remainder when 1292248 is divided by 46?
16
What is the remainder when 66795819 is divided by 980?
979
What is the remainder when 468171 is divided by 340?
331
Calculate the remainder when 53361 is divided by 13147.
773
Calculate the remainder when 35543 is divided by 1220.
163
What is the remainder when 47575712 is divided by 20410?
2
What is the remainder when 18024 is divided by 7?
6
What is the remainder when 743793 is divided by 735?
708
Calculate the remainder when 678502 is divided by 1259.
1160
Calculate the remainder when 2323709299 is divided by 22.
21
Calculate the remainder when 10328 is divided by 10315.
13
What is the remainder when 80865898 is divided by 12?
10
What is the remainder when 59873732 is divided by 283?
271
Calculate the remainder when 3316949 is divided by 100.
49
Calculate the remainder when 257883 is divided by 414.
375
What is the remainder when 60756 is divided by 1715?
731
What is the remainder when 5282629 is divided by 9819?
7
Calculate the remainder when 452649 is divided by 150764.
357
What is 